at is the tens digit of u(22)?
4
Let v be ((-3)/2)/((-6)/8). Let y be 10/2*((-14)/(-10) - -1). Suppose -4*c - y = 0, v*c - 1 = -x + 27. What is the units digit of x?
4
Let t(m) = m**3 - m. Let v(x) = -x**3 - 4*x**2 + 6*x + 2. Let n(f) = 2*t(f) + v(f). Let i be n(4). Suppose 4*q = 3*q + i. What is the units digit of q?
8
Suppose t - 73 = -5*y, 0 = 2*t - 3*t + 3. Suppose 0 = -2*g - 29*u + 30*u - 16, 4*g + 5*u + 18 = 0. What is the units digit of (g/y)/(1/(-76))?
8
Let p be 985/4 - ((-21)/12 - -2). What is the tens digit of -1 + -3 + (p - 30)?
1
Let x = -851 + 1155. What is the units digit of x?
4
Suppose 0 = 4*h + 87*h - 10556. What is the units digit of h?
6
Suppose 369 = -10*n + 3699. Suppose -3*z - 3*l + n = 0, 2*l - 156 = -z - 42. What is the hundreds digit of z?
1
Let m(p) = 5*p**3 - 3*p**2 - 3*p - 7. Let h be m(4). Suppose 0 = 3*u + 4*k - h, -63 = -u + 3*k + k. What is the tens digit of u?
7
Let z = 1976 - 534. What is the tens digit of z?
4
Let a(k) = -3*k + 46. Let s be a(14). Suppose s*v = o - 196, -v = -o - 3*v + 208. What is the units digit of o?
4
Let n(l) = 12*l**2 + 1. Let p be (36/27)/((-2)/(-6)). Suppose -p = -2*z - 6. What is the units digit of n(z)?
3
Let g be (-1)/(-5) - (-8)/(-5)*-58. Let y = 22 + g. What is the units digit of y?
5
Let r(i) = -i + 18. Let q be r(17). What is the units digit of q*(1 + (4 - -2))?
7
Let l(i) = 203*i + 256. What is the units digit of l(6)?
4
Let s = -2 - -8. Let i = 44 - 27. Let t = i + s. What is the tens digit of t?
2
Let f(o) = -o**3 + 9*o**2 - 26*o - 177. What is the hundreds digit of f(-10)?
9
Let i(a) = 7*a + 24. Let b be i(-6). What is the tens digit of b/(-45) + (-654)/(-15)?
4
What is the units digit of 1845/30*(-3 + 7 + 2)?
9
Let f be (2 + 12/(-8))*0. Suppose f = 2*g + 3*b - 15, 0*g + 2*g + 4*b = 20. What is the units digit of (-8)/(-1 + g + 0)?
8
Suppose -3*i - 5*n - 576 + 7711 = 0, 8 = 4*n. What is the hundreds digit of i?
3
Let b(z) = 3*z + 8. Let x(t) = -t**3 - 5*t**2 + 4*t - 8. Let u(p) = -p - 1. Let c be u(5). Let m be x(c). What is the tens digit of b(m)?
2
Let a(g) = -g**3 - 4*g**2 + 6*g + 7. Let s be a(-5). Suppose -s*q = j - 180, -5*j - 6*q + 855 = -11*q. What is the tens digit of j?
7
Let j be 4*(0 - 3/(-2)). Let t = 14 - j. Suppose -2*v + t = -f - 10, -2*f - 12 = -v. What is the units digit of v?
8
Suppose 25*p - 73293 = -4918. What is the units digit of p?
5
Let s(m) be the first derivative of 17*m**5/20 - m**3/6 - 5*m + 1. Let n(q) be the first derivative of s(q). What is the units digit of n(1)?
6
Suppose 3*k + 2 - 11 = 0. Suppose -4*f - 3*c = -71, 0*c = -k*f + 3*c + 69. What is the units digit of f?
0
What is the units digit of ((-4)/16)/((-23)/1656)?
8
Suppose 29 - 8 = 3*a. What is the units digit of 220/a + 48/84?
2
Suppose 6*a = 3564 + 4146. What is the hundreds digit of a?
2
Suppose -l + 2*l = 0. Let u(f) = -f + 14. Let z be u(l). Let i = 23 - z. What is the units digit of i?
9
Let f(n) = 2*n**2 - 9*n - 69. What is the units digit of f(-14)?
9
Let h = -624 - -374. Let i = h - -431. What is the hundreds digit of i?
1
Let t(u) = 4*u**3 - u**2 + 2*u - 1. Let h be t(1). What is the units digit of (-170)/3*(-6)/h?
5
Suppose 5*r - 50 = -0*r. Let h be ((-8)/(-5))/(r/25). Suppose 45 = 2*p + 3*s + 2*s, -3*s = h*p - 55. What is the units digit of p?
0
Let i(s) = 4*s**2 - 3*s - 1. Let w = 44 - 48. What is the tens digit of i(w)?
7
Let j = 189 - -2508. What is the hundreds digit of j?
6
Let y(g) = -320*g - 39. What is the thousands digit of y(-7)?
2
Let d(o) = 5*o. Let n(u) = 41*u. Let i(z) = -51*d(z) + 6*n(z). Let k be i(3). Let p = -24 - k. What is the units digit of p?
3
Let t = 199 + -168. What is the tens digit of t?
3
Let s be (2 + -2 + 0)*(-9)/18. Suppose s = -w + 3*d + 138, -3*d + 6 + 6 = 0. What is the tens digit of w?
5
Suppose -5*o = -2*z - 4, -4*o + 6*o + z = 7. What is the tens digit of (46 + 0 - 2)*o?
8
Suppose 3*y + 4*k - 4 = -12, -5*k - 10 = -5*y. Suppose 3*s - 75 = -4*q, -q + 0 - 3 = y. What is the units digit of s?
9
Suppose -3*b - 205 = -2*z, 198 = 2*z - 3*b + 7*b. What is the tens digit of (1 + z)/((-54)/(-36))?
6
Let q be 25/2 + (-2)/(-4). Suppose 5 = 3*l - q. Suppose -3*t - l + 0 = 0, 3*f - 86 = 4*t. What is the units digit of f?
6
Let s be -30*((0 - 3) + 2). Suppose 6*y - 3*y = s. Suppose 4*x = 5*x - y. What is the tens digit of x?
1
What is the units digit of 10/(-2)*(3 - 173)?
0
Let i = 67 + -42. Suppose 5*m + i = 0, 0*m - 191 = -3*k - 5*m. What is the tens digit of k?
7
Let a(n) = 626*n**2 + 13*n. What is the hundreds digit of a(-1)?
6
Suppose 2*v = -2*y - 36, -2*v + y - 21 = -0*y. Let z = v - -22. What is the units digit of 12/18 + 39/z?
5
Let q = -858 - -1371. What is the units digit of q?
3
Let h(d) = 854*d - 131. What is the tens digit of h(1)?
2
Suppose -l - 5*g = -20, -2*l + 2*g - 8 = l. Suppose l = -6*b + b - 20, 4*b + 2 = -2*y. Let x = y + 9. What is the units digit of x?
6
Suppose 14*y + 35 = 19*y. Suppose -2*q + y*q = 90. Let z = q - 3. What is the units digit of z?
5
Let r(v) be the second derivative of -v**5/20 + 3*v**4/4 + 11*v**3/6 + 7*v**2 - 22*v. What is the hundreds digit of r(6)?
1
Let o = 1 + 2. Suppose 3*v + 0*v = 5*i + 73, -4*v - 3*i = -49. Suppose 0*d = -o*s + 5*d + 28, 5*d - v = -s. What is the units digit of s?
1
Suppose -4*u + 20 = 0, 0 = -0*a - 5*a - 3*u - 4470. What is the units digit of (a/(-39))/(-1 + 12/10)?
5
Suppose 2058 = -638*m + 639*m. What is the units digit of m?
8
Suppose -5*i - 5 = 0, 836 = 6*p - p + 4*i. What is the units digit of p?
8
Let u(s) = 332*s + 560. What is the hundreds digit of u(14)?
2
Let h be 57 + (-8)/(-2) - 3. Let s = h - -4. Suppose -i = i - s. What is the tens digit of i?
3
Let y(s) = s**3 - 18*s**2 + 4*s - 32. What is the tens digit of y(18)?
4
Let y be (-4)/14 - 103/7. Let p = y - -35. What is the tens digit of p?
2
Let a(b) = -1. Let x(m) = -4*m + 6. Let d(n) = 3*a(n) - x(n). Let z = -2 - -10. What is the units digit of d(z)?
3
Suppose -16*g = -6*g - 12840. What is the tens digit of g?
8
Let l(b) = -b**3 - 3*b**2 - b + 2. Let i be l(-2). Suppose i = 2*g - 59 + 7. Suppose 4*x = -0*x + 8, -2*x + g = y. What is the units digit of y?
2
Suppose 0 = -2*k + 9 + 63. Let y = 4 + -1. Suppose -y*v - v = -k. What is the units digit of v?
9
Suppose -4*k - 4*x + 3036 = 0, -4*x + 2275 = -21*k + 24*k. What is the hundreds digit of k?
7
Suppose -5*i - j = -16672, 0 = 2*i - i + 3*j - 3340. What is the hundreds digit of i?
3
Let j(b) = b**2 + 8*b - 3. Let h be 26 - (-2 + (3 - 2)). Suppose -10*g + 7*g = h. What is the units digit of j(g)?
6
Suppose -71*q + 28340 = -58*q. What is the hundreds digit of q?
1
Suppose 9 = -4*l + 3*l. What is the tens digit of (-457)/l - 2/(-9)?
5
Let z(j) = 39*j**2 + 11*j + 25. What is the tens digit of z(-8)?
3
Let p(s) be the first derivative of s**3/3 - 3*s**2/2 - 75*s - 23. What is the units digit of p(11)?
3
Suppose 0 = -3*d + 9, -3*d + 16 = z + d. Suppose 3*w - 64 = -w. Suppose 2*o = 3*p - w, -4*p + 5 + 19 = -z*o. What is the units digit of p?
4
Suppose o = -5*s + 1175, 6*o - 1179 = 5*o - 3*s. What is the thousands digit of o?
1
Suppose 7*c - 195 = 2*c. Suppose i = 7 + c. Let n = -28 + i. What is the units digit of n?
8
Let i = 260 + 536. What is the tens digit of i?
9
Let i(t) be the first derivative of -10*t**2 - 35*t - 19. What is the hundreds digit of i(-10)?
1
Suppose -4*h + v = -3, -v - 15 = -4*v. Suppose -h*z - 5*z = -21. What is the units digit of 4 - (z - (-5)/(-1))?
6
Suppose 0 = 4*f - 4*x - 24, -x + 1 = 3*f - 5. Suppose -359 = -3*z + 2*t, z + 233 = f*z + 5*t. What is the hundreds digit of z?
1
Let k = 707 + -108. What is the units digit of k?
9
Suppose -30816 = 424*g - 432*g. What is the hundreds digit of g?
8
Let s be 1/(4/(-328)) - (2 + 1). Let j = s - -156. What is the units digit of j?
1
Let r = -244 - -540. What is the units digit of r?
6
Suppose -2*x = -1 + 5. Let p be (x + 3)*-1*-37. Let i = -12 + p. What is the units digit of i?
5
Let r = -32 + 29. Let h(n) = -17*n + 1. What is the units digit of h(r)?
2
Let k(m) = m**3 - 6*m**2 + 8*m - 12. Let d be k(5). What is the units digit of 40/d*(13/4 + 2)?
0
Let u(a) = a**2 - 30. Let t be u(0). Suppose 0 = -10*r - 39 - 21. Let j = r - t. What is the tens digit of j?
2
Let v(b) be the second derivative of b**4/4 -